{"id":190,"date":"2018-10-28T18:44:44","date_gmt":"2018-10-28T17:44:44","guid":{"rendered":"http:\/\/horstinchen.de\/?page_id=190"},"modified":"2018-10-28T18:45:27","modified_gmt":"2018-10-28T17:45:27","slug":"unsere-social-media-auftritte","status":"publish","type":"page","link":"https:\/\/horstinchen.de\/?page_id=190","title":{"rendered":"Unsere Social\u2013Media\u2013Auftritte"},"content":{"rendered":"<div><strong>Datenverarbeitung durch soziale Netzwerke<\/strong><\/div>\n<div><\/div>\n<div>\n<div class=\"page\" data-page-number=\"3\" data-loaded=\"true\">\n<div class=\"textLayer\">\n<div>Wir unterhalten \u00f6ffentlich zug\u00e4ngliche Profile in sozialen Netzwerken. Die im Einzelnen von<\/div>\n<div>uns genutzten sozialen Netzwerke finden Sie weiter unten.<\/div>\n<div><\/div>\n<div>Soziale Netzwerke wie Facebook, Google+ etc. k\u00f6nnen Ihr Nutzerverhalten in der Regel<\/div>\n<div>umfassend analysieren, wenn Sie deren Webseite oder eine Webseite mit integrierten Social-<\/div>\n<div>Media-Inhalten (z.B. Like-Buttons oder Werbebannern) besuchen. Durch den Besuch unserer<\/div>\n<div>Social-Media-Pr\u00e4senzen werden zahlreiche datenschutzrelevante Verarbeitungsvorg\u00e4nge<\/div>\n<div>ausgel\u00f6st.<\/div>\n<div><\/div>\n<div><\/div>\n<div>Im Einzelnen:<\/div>\n<div>Wenn Sie in Ihrem Social-Media-Account eingeloggt sind und unsere Social-Media-Pr\u00e4senz<\/div>\n<div>besuchen, kann der Betreiber des Social-Media-Portals diesen Besuch Ihrem Benutzerkonto<\/div>\n<div>zuordnen. Ihre personenbezogenen Daten k\u00f6nnen unter Umst\u00e4nden aber auch dann erfasst<\/div>\n<div>werden, wenn Sie nicht eingeloggt sind oder keinen Account beim jeweiligen Social-Media-<\/div>\n<div>Portal besitzen. Diese Datenerfassung erfolgt in diesem Fall beispielsweise \u00fcber Cookies, die<\/div>\n<div>auf Ihrem Endger\u00e4t gespeichert werden oder durch Erfassung Ihrer IP-Adresse.<\/div>\n<div><\/div>\n<div>Mit Hilfe der so erfassten Daten k\u00f6nnen die Betreiber der Social-Media-Portale Nutzerprofile<\/div>\n<div>erstellen, in denen Ihre Pr\u00e4ferenzen und Interessen hinterlegt sind. Auf diese Weise kann<\/div>\n<div>Ihnen interessenbezogene Werbung in- und au\u00dferhalb der jeweiligen Social-Media-Pr\u00e4senz<\/div>\n<div>angezeigt werden. Sofern Sie \u00fcber einen Account beim jeweiligen sozialen Netzwerk verf\u00fcgen,<\/div>\n<div class=\"endOfContent active\">\n<div class=\"page\" data-page-number=\"4\" data-loaded=\"true\">\n<div class=\"textLayer\">\n<div>kann die interessenbezogene Werbung auf allen Ger\u00e4ten angezeigt werden, auf denen Sie<\/div>\n<div>eingeloggt sind oder eingeloggt waren.<\/div>\n<div><\/div>\n<div>Bitte beachten Sie au\u00dferdem, dass wir nicht alle Verarbeitungsprozesse auf den Social-Media-<\/div>\n<div>Portalen nachvollziehen k\u00f6nnen. Je nach Anbieter k\u00f6nnen daher ggf. weitere<\/div>\n<div>Verarbeitungsvorg\u00e4nge von den Betreibern der Social-Media-Portale durchgef\u00fchrt werden.<\/div>\n<div>Details hierzu entnehmen Sie den Nutzungsbedingungen und Datenschutzbestimmungen der<\/div>\n<div>jeweiligen Social-Media-Portale.<\/div>\n<\/div>\n<div><\/div>\n<div class=\"textLayer\">\n<div><strong>Rechtsgrundlage<\/strong><\/div>\n<div>Unsere Social-Media-Auftritte sollen eine m\u00f6glichst umfassende Pr\u00e4senz im Internet<\/div>\n<div>gew\u00e4hrleisten. Hierbei handelt es sich um ein berechtigtes Interesse im Sinne von Art. 6 Abs. 1<\/div>\n<div>lit. f DSGVO. Die von den sozialen Netzwerken initiierten Analyseprozesse beruhen ggf. auf<\/div>\n<div>abweichenden Rechtsgrundlagen, die von den Betreibern der sozialen Netzwerke anzugeben<\/div>\n<div>sind (z.B. Einwilligung im Sinne des Art. 6 Abs. 1 lit. a DSGVO).<\/div>\n<\/div>\n<div><\/div>\n<div class=\"textLayer\">\n<div><strong>Verantwortlicher und Geltendmachung von Rechten<\/strong><\/div>\n<div><\/div>\n<div>Wenn Sie einen unserer Social-Media-Auftritte (z.B. Facebook) besuchen, sind wir gemeinsam<\/div>\n<div>mit dem Betreiber der Social-Media-Plattform f\u00fcr die bei diesem Besuch ausgel\u00f6sten<\/div>\n<div>Datenverarbeitungsvorg\u00e4nge verantwortlich. Sie k\u00f6nnen Ihre Rechte (Auskunft, Berichtigung,<\/div>\n<div>L\u00f6schung, Einschr\u00e4nkung der Verarbeitung, Daten\u00fcbertragbarkeit und Beschwerde)<\/div>\n<div>grunds\u00e4tzlich sowohl gg\u00fc. uns als auch gg\u00fc. dem Betreiber des jeweiligen Social-Media-Portals<\/div>\n<div>(z.B. gg\u00fc. Facebook) geltend machen.<\/div>\n<div><\/div>\n<div>Bitte beachten Sie, dass wir trotz der gemeinsamen Verantwortlichkeit mit den Social-Media-<\/div>\n<div>Portal-Betreibern nicht vollumf\u00e4nglich Einfluss auf die Datenverarbeitungsvorg\u00e4nge der<\/div>\n<div>Social-Media-Portale haben. Unsere M\u00f6glichkeiten richten sich ma\u00dfgeblich nach der<\/div>\n<div>Unternehmenspolitik des jeweiligen Anbieters.<\/div>\n<\/div>\n<div><\/div>\n<div class=\"textLayer\">\n<div><strong>Speicherdauer<\/strong><\/div>\n<div>Die unmittelbar von uns \u00fcber die Social-Media-Pr\u00e4senz erfassten Daten werden von unseren<\/div>\n<div>Systemen gel\u00f6scht, sobald der Zweck f\u00fcr ihre Speicherung entf\u00e4llt, Sie uns zur L\u00f6schung<\/div>\n<div>auffordern, Ihre Einwilligung zur Speicherung widerrufen oder der Zweck f\u00fcr die<\/div>\n<div>Datenspeicherung entf\u00e4llt. Gespeicherte Cookies verbleiben auf Ihrem Endger\u00e4t, bis Sie sie<\/div>\n<div>l\u00f6schen. Zwingende gesetzliche Bestimmungen \u2013 insb. Aufbewahrungsfristen \u2013 bleiben<\/div>\n<div>unber\u00fchrt.<\/div>\n<div><\/div>\n<div>Auf die Speicherdauer Ihrer Daten, die von den Betreibern der sozialen Netzwerke zu eigenen<\/div>\n<div class=\"endOfContent\">\n<div class=\"textLayer\">\n<div>wecken gespeichert werden, haben wir keinen Einfluss. F\u00fcr Einzelheiten dazu informieren<\/div>\n<div>Sie sich bitte direkt bei den Betreibern der sozialen Netzwerke (z.B. in deren<\/div>\n<div>Datenschutzerkl\u00e4rung, siehe unten).<\/div>\n<div><\/div>\n<div>Soziale Netzwerke im Einzelnen<\/div>\n<\/div>\n<div><\/div>\n<div class=\"textLayer\">\n<div><strong>Facebook<\/strong><\/div>\n<div>Wir verf\u00fcgen \u00fcber ein Profil bei Facebook. Anbieter ist die Facebook Inc., 1 Hacker Way,<\/div>\n<div>Menlo Park, California 94025, USA. Facebook verf\u00fcgt \u00fcber eine Zertifizierung nach dem EU-<\/div>\n<div>US-Privacy-Shield.<\/div>\n<div><\/div>\n<div>Wir haben mit Facebook eine Vereinbarung \u00fcber eine gemeinsame Verantwortlichkeit bei der<\/div>\n<div>Verarbeitung von Daten (Controller Addendum) geschlossen. In dieser Vereinbarung wird festgelegt,<\/div>\n<div>f\u00fcr welche Datenverarbeitungsvorg\u00e4nge wir bzw. Facebook verantwortlich ist, wenn Sie unsere<\/div>\n<div>Facebook- Fanpage besuchen. Diese Vereinbarung k\u00f6nnen Sie unter folgendem Link einsehen:<\/div>\n<div><a href=\"https:\/\/www.facebook.com\/legal\/terms\/page_controller_addendum\">https:\/\/www.facebook.com\/legal\/terms\/page_controller_addendum<\/a><\/div>\n<div><\/div>\n<div>Sie k\u00f6nnen Ihre Werbeeinstellungen selbstst\u00e4ndig in Ihrem Nutzer-Account anpassen.<\/div>\n<div>Klicken Sie hierzu auf folgenden Link und loggen Sie sich ein:<\/div>\n<div><a href=\"https:\/\/www.facebook.com\/settings?tab=ads\">https:\/\/www.facebook.com\/settings?tab=ads<\/a><\/div>\n<div><\/div>\n<div>Details entnehmen Sie der Datenschutzerkl\u00e4rung von Facebook:<\/div>\n<div><a href=\"https:\/\/www.facebook.com\/about\/privacy\/\">https:\/\/www.facebook.com\/about\/privacy\/<\/a><\/div>\n<\/div>\n<div><\/div>\n<div class=\"textLayer\">\n<div><strong>Twitter<\/strong><\/div>\n<div class=\"endOfContent\"><\/div>\n<\/div>\n<div class=\"annotationLayer\">\n<div class=\"textLayer\">\n<div>Wir nutzen den Kurznachrichtendienst Twitter. Anbieter ist die Twitter Inc., 1355 Market<\/div>\n<div>Street, Suite 900, San Francisco, CA 94103, USA. Twitter verf\u00fcgt \u00fcber eine Zertifizierung nach<\/div>\n<div>dem EU-US-Privacy-Shield.<\/div>\n<div><\/div>\n<div>Sie k\u00f6nnen Ihre Twitter-Datenschutzeinstellungen selbstst\u00e4ndig in Ihrem Nutzer-<\/div>\n<div>Account anpassen. Klicken Sie hierzu auf folgenden Link und loggen Sie sich ein:<\/div>\n<div><a href=\"https:\/\/twitter.com\/personalization\">https:\/\/twitter.com\/personalization<\/a><\/div>\n<div><\/div>\n<div>Details entnehmen Sie der Datenschutzerkl\u00e4rung von Twitter:<\/div>\n<div><a href=\"https:\/\/twitter.com\/de\/privacy\">https:\/\/twitter.com\/de\/privacy<\/a><\/div>\n<\/div>\n<div><\/div>\n<div class=\"textLayer\">\n<div><strong>Instagram<\/strong><\/div>\n<div>Wir verf\u00fcgen \u00fcber ein Profil bei Instagram. Anbieter ist die Instagram Inc., 1601 Willow Road,<\/div>\n<div>Menlo Park, CA, 94025, USA. Details zu deren Umgang mit Ihren personenbezogenen Daten<\/div>\n<div>entnehmen Sie der Datenschutzerkl\u00e4rung von Instagram:<\/div>\n<div><\/div>\n<div><a href=\"https:\/\/help.instagram.com\/519522125107875\">https:\/\/help.instagram.com\/519522125107875<\/a><\/div>\n<\/div>\n<\/div>\n<\/div>\n<\/div>\n<\/div>\n<\/div>\n<\/div>\n<\/div>\n<\/div>\n","protected":false},"excerpt":{"rendered":"<p>Datenverarbeitung durch soziale Netzwerke Wir unterhalten \u00f6ffentlich zug\u00e4ngliche Profile in sozialen Netzwerken. Die im Einzelnen von uns genutzten sozialen Netzwerke finden Sie weiter unten. Soziale Netzwerke wie Facebook, Google+ etc. k\u00f6nnen Ihr Nutzerverhalten in der Regel umfassend analysieren, wenn Sie deren Webseite oder eine Webseite mit integrierten Social- Media-Inhalten (z.B. Like-Buttons oder Werbebannern) besuchen. Durch &#8230;<\/p>\n","protected":false},"author":1,"featured_media":0,"parent":0,"menu_order":0,"comment_status":"closed","ping_status":"closed","template":"","meta":{"footnotes":""},"class_list":["post-190","page","type-page","status-publish","hentry"],"_links":{"self":[{"href":"https:\/\/horstinchen.de\/index.php?rest_route=\/wp\/v2\/pages\/190","targetHints":{"allow":["GET"]}}],"collection":[{"href":"https:\/\/horstinchen.de\/index.php?rest_route=\/wp\/v2\/pages"}],"about":[{"href":"https:\/\/horstinchen.de\/index.php?rest_route=\/wp\/v2\/types\/page"}],"author":[{"embeddable":true,"href":"https:\/\/horstinchen.de\/index.php?rest_route=\/wp\/v2\/users\/1"}],"replies":[{"embeddable":true,"href":"https:\/\/horstinchen.de\/index.php?rest_route=%2Fwp%2Fv2%2Fcomments&post=190"}],"version-history":[{"count":2,"href":"https:\/\/horstinchen.de\/index.php?rest_route=\/wp\/v2\/pages\/190\/revisions"}],"predecessor-version":[{"id":193,"href":"https:\/\/horstinchen.de\/index.php?rest_route=\/wp\/v2\/pages\/190\/revisions\/193"}],"wp:attachment":[{"href":"https:\/\/horstinchen.de\/index.php?rest_route=%2Fwp%2Fv2%2Fmedia&parent=190"}],"curies":[{"name":"wp","href":"https:\/\/api.w.org\/{rel}","templated":true}]}}

<div><strong>Datenverarbeitung durch soziale Netzwerke</strong></div>
<div></div>
<div>
<div class="page" data-page-number="3" data-loaded="true">
<div class="textLayer">
<div>Wir unterhalten öffentlich zugängliche Profile in sozialen Netzwerken. Die im Einzelnen von</div>
<div>uns genutzten sozialen Netzwerke finden Sie weiter unten.</div>
<div></div>
<div>Soziale Netzwerke wie Facebook, Google+ etc. können Ihr Nutzerverhalten in der Regel</div>
<div>umfassend analysieren, wenn Sie deren Webseite oder eine Webseite mit integrierten Social-</div>
<div>Media-Inhalten (z.B. Like-Buttons oder Werbebannern) besuchen. Durch den Besuch unserer</div>
<div>Social-Media-Präsenzen werden zahlreiche datenschutzrelevante Verarbeitungsvorgänge</div>
<div>ausgelöst.</div>
<div></div>
<div></div>
<div>Im Einzelnen:</div>
<div>Wenn Sie in Ihrem Social-Media-Account eingeloggt sind und unsere Social-Media-Präsenz</div>
<div>besuchen, kann der Betreiber des Social-Media-Portals diesen Besuch Ihrem Benutzerkonto</div>
<div>zuordnen. Ihre personenbezogenen Daten können unter Umständen aber auch dann erfasst</div>
<div>werden, wenn Sie nicht eingeloggt sind oder keinen Account beim jeweiligen Social-Media-</div>
<div>Portal besitzen. Diese Datenerfassung erfolgt in diesem Fall beispielsweise über Cookies, die</div>
<div>auf Ihrem Endgerät gespeichert werden oder durch Erfassung Ihrer IP-Adresse.</div>
<div></div>
<div>Mit Hilfe der so erfassten Daten können die Betreiber der Social-Media-Portale Nutzerprofile</div>
<div>erstellen, in denen Ihre Präferenzen und Interessen hinterlegt sind. Auf diese Weise kann</div>
<div>Ihnen interessenbezogene Werbung in- und außerhalb der jeweiligen Social-Media-Präsenz</div>
<div>angezeigt werden. Sofern Sie über einen Account beim jeweiligen sozialen Netzwerk verfügen,</div>
<div class="endOfContent active">
<div class="page" data-page-number="4" data-loaded="true">
<div class="textLayer">
<div>kann die interessenbezogene Werbung auf allen Geräten angezeigt werden, auf denen Sie</div>
<div>eingeloggt sind oder eingeloggt waren.</div>
<div></div>
<div>Bitte beachten Sie außerdem, dass wir nicht alle Verarbeitungsprozesse auf den Social-Media-</div>
<div>Portalen nachvollziehen können. Je nach Anbieter können daher ggf. weitere</div>
<div>Verarbeitungsvorgänge von den Betreibern der Social-Media-Portale durchgeführt werden.</div>
<div>Details hierzu entnehmen Sie den Nutzungsbedingungen und Datenschutzbestimmungen der</div>
<div>jeweiligen Social-Media-Portale.</div>
</div>
<div></div>
<div class="textLayer">
<div><strong>Rechtsgrundlage</strong></div>
<div>Unsere Social-Media-Auftritte sollen eine möglichst umfassende Präsenz im Internet</div>
<div>gewährleisten. Hierbei handelt es sich um ein berechtigtes Interesse im Sinne von Art. 6 Abs. 1</div>
<div>lit. f DSGVO. Die von den sozialen Netzwerken initiierten Analyseprozesse beruhen ggf. auf</div>
<div>abweichenden Rechtsgrundlagen, die von den Betreibern der sozialen Netzwerke anzugeben</div>
<div>sind (z.B. Einwilligung im Sinne des Art. 6 Abs. 1 lit. a DSGVO).</div>
</div>
<div></div>
<div class="textLayer">
<div><strong>Verantwortlicher und Geltendmachung von Rechten</strong></div>
<div></div>
<div>Wenn Sie einen unserer Social-Media-Auftritte (z.B. Facebook) besuchen, sind wir gemeinsam</div>
<div>mit dem Betreiber der Social-Media-Plattform für die bei diesem Besuch ausgelösten</div>
<div>Datenverarbeitungsvorgänge verantwortlich. Sie können Ihre Rechte (Auskunft, Berichtigung,</div>
<div>Löschung, Einschränkung der Verarbeitung, Datenübertragbarkeit und Beschwerde)</div>
<div>grundsätzlich sowohl ggü. uns als auch ggü. dem Betreiber des jeweiligen Social-Media-Portals</div>
<div>(z.B. ggü. Facebook) geltend machen.</div>
<div></div>
<div>Bitte beachten Sie, dass wir trotz der gemeinsamen Verantwortlichkeit mit den Social-Media-</div>
<div>Portal-Betreibern nicht vollumfänglich Einfluss auf die Datenverarbeitungsvorgänge der</div>
<div>Social-Media-Portale haben. Unsere Möglichkeiten richten sich maßgeblich nach der</div>
<div>Unternehmenspolitik des jeweiligen Anbieters.</div>
</div>
<div></div>
<div class="textLayer">
<div><strong>Speicherdauer</strong></div>
<div>Die unmittelbar von uns über die Social-Media-Präsenz erfassten Daten werden von unseren</div>
<div>Systemen gelöscht, sobald der Zweck für ihre Speicherung entfällt, Sie uns zur Löschung</div>
<div>auffordern, Ihre Einwilligung zur Speicherung widerrufen oder der Zweck für die</div>
<div>Datenspeicherung entfällt. Gespeicherte Cookies verbleiben auf Ihrem Endgerät, bis Sie sie</div>
<div>löschen. Zwingende gesetzliche Bestimmungen – insb. Aufbewahrungsfristen – bleiben</div>
<div>unberührt.</div>
<div></div>
<div>Auf die Speicherdauer Ihrer Daten, die von den Betreibern der sozialen Netzwerke zu eigenen</div>
<div class="endOfContent">
<div class="textLayer">
<div>wecken gespeichert werden, haben wir keinen Einfluss. Für Einzelheiten dazu informieren</div>
<div>Sie sich bitte direkt bei den Betreibern der sozialen Netzwerke (z.B. in deren</div>
<div>Datenschutzerklärung, siehe unten).</div>
<div></div>
<div>Soziale Netzwerke im Einzelnen</div>
</div>
<div></div>
<div class="textLayer">
<div><strong>Facebook</strong></div>
<div>Wir verfügen über ein Profil bei Facebook. Anbieter ist die Facebook Inc., 1 Hacker Way,</div>
<div>Menlo Park, California 94025, USA. Facebook verfügt über eine Zertifizierung nach dem EU-</div>
<div>US-Privacy-Shield.</div>
<div></div>
<div>Wir haben mit Facebook eine Vereinbarung über eine gemeinsame Verantwortlichkeit bei der</div>
<div>Verarbeitung von Daten (Controller Addendum) geschlossen. In dieser Vereinbarung wird festgelegt,</div>
<div>für welche Datenverarbeitungsvorgänge wir bzw. Facebook verantwortlich ist, wenn Sie unsere</div>
<div>Facebook- Fanpage besuchen. Diese Vereinbarung können Sie unter folgendem Link einsehen:</div>
<div><a href="https://www.facebook.com/legal/terms/page_controller_addendum">https://www.facebook.com/legal/terms/page_controller_addendum</a></div>
<div></div>
<div>Sie können Ihre Werbeeinstellungen selbstständig in Ihrem Nutzer-Account anpassen.</div>
<div>Klicken Sie hierzu auf folgenden Link und loggen Sie sich ein:</div>
<div><a href="https://www.facebook.com/settings?tab=ads">https://www.facebook.com/settings?tab=ads</a></div>
<div></div>
<div>Details entnehmen Sie der Datenschutzerklärung von Facebook:</div>
<div><a href="https://www.facebook.com/about/privacy/">https://www.facebook.com/about/privacy/</a></div>
</div>
<div></div>
<div class="textLayer">
<div><strong>Twitter</strong></div>
<div class="endOfContent"></div>
</div>
<div class="annotationLayer">
<div class="textLayer">
<div>Wir nutzen den Kurznachrichtendienst Twitter. Anbieter ist die Twitter Inc., 1355 Market</div>
<div>Street, Suite 900, San Francisco, CA 94103, USA. Twitter verfügt über eine Zertifizierung nach</div>
<div>dem EU-US-Privacy-Shield.</div>
<div></div>
<div>Sie können Ihre Twitter-Datenschutzeinstellungen selbstständig in Ihrem Nutzer-</div>
<div>Account anpassen. Klicken Sie hierzu auf folgenden Link und loggen Sie sich ein:</div>
<div><a href="https://twitter.com/personalization">https://twitter.com/personalization</a></div>
<div></div>
<div>Details entnehmen Sie der Datenschutzerklärung von Twitter:</div>
<div><a href="https://twitter.com/de/privacy">https://twitter.com/de/privacy</a></div>
</div>
<div></div>
<div class="textLayer">
<div><strong>Instagram</strong></div>
<div>Wir verfügen über ein Profil bei Instagram. Anbieter ist die Instagram Inc., 1601 Willow Road,</div>
<div>Menlo Park, CA, 94025, USA. Details zu deren Umgang mit Ihren personenbezogenen Daten</div>
<div>entnehmen Sie der Datenschutzerklärung von Instagram:</div>
<div></div>
<div><a href="https://help.instagram.com/519522125107875">https://help.instagram.com/519522125107875</a></div>
</div>
</div>
</div>
</div>
</div>
</div>
</div>
</div>
</div>

<p>Datenverarbeitung durch soziale Netzwerke Wir unterhalten öffentlich zugängliche Profile in sozialen Netzwerken. Die im Einzelnen von uns genutzten sozialen Netzwerke finden Sie weiter unten. Soziale Netzwerke wie Facebook, Google+ etc. können Ihr Nutzerverhalten in der Regel umfassend analysieren, wenn Sie deren Webseite oder eine Webseite mit integrierten Social- Media-Inhalten (z.B. Like-Buttons oder Werbebannern) besuchen. Durch &#8230;</p>
